{"id":748,"date":"2021-02-01T12:00:50","date_gmt":"2021-02-01T04:00:50","guid":{"rendered":"http:\/\/femininethemesdemo.com\/themes\/samantha\/?page_id=748"},"modified":"2022-09-10T23:01:12","modified_gmt":"2022-09-10T21:01:12","slug":"home","status":"publish","type":"page","link":"https:\/\/lumistudio.de\/","title":{"rendered":"Home"},"content":{"rendered":"\n<h2 class=\"has-text-align-center wp-block-heading\">Inspiriert von allem Sch\u00f6nen<\/h2>\n\n\n\n<p class=\"has-text-align-center\">Mit druckbarer Kunst erhalten Sie digitale Dateien, die sofort heruntergeladen werden k\u00f6nnen. Dann k\u00f6nnen Sie sie drucken und rahmen, wo und wie sie m\u00f6chten! Meistens hat man passende Bilderrahmen ja noch Zuhause. Unsere Bastelsets helfen \u00fcber regnerische Tage hinweg und sind beliebte Mitbringsel und Geschenke! <\/p>\n\n\n\n<p class=\"has-text-align-center\">Viel Spa\u00df beim St\u00f6bern und Entdecken!<\/p>\n\n\n<div class=\"wp-block-image\">\n<figure class=\"aligncenter size-large\"><img decoding=\"async\" src=\"https:\/\/femininethemesdemo.com\/themes\/samantha\/files\/2020\/05\/press-logo-1024x72.jpg\" alt=\"press\" class=\"wp-image-1045\"\/><\/figure><\/div>","protected":false},"excerpt":{"rendered":"<p>Inspiriert von allem Sch\u00f6nen Mit druckbarer Kunst erhalten Sie digitale Dateien, die sofort heruntergeladen werden k\u00f6nnen. Dann k\u00f6nnen Sie sie drucken und rahmen, wo und wie sie m\u00f6chten! Meistens hat man passende Bilderrahmen ja noch Zuhause. Unsere Bastelsets helfen \u00fcber regnerische Tage hinweg und sind beliebte Mitbringsel und Geschenke! Viel Spa\u00df beim St\u00f6bern und Entdecken!<\/p>\n<p class=\"post-read-p\"><a href=\"https:\/\/lumistudio.de\/\" class=\"post-read-more\">Continue Reading<\/a><\/p>\n","protected":false},"author":1,"featured_media":0,"parent":0,"menu_order":0,"comment_status":"closed","ping_status":"closed","template":"layouts\/home-page.php","meta":{"footnotes":""},"class_list":["post-748","page","type-page","status-publish","hentry"],"_links":{"self":[{"href":"https:\/\/lumistudio.de\/index.php?rest_route=\/wp\/v2\/pages\/748","targetHints":{"allow":["GET"]}}],"collection":[{"href":"https:\/\/lumistudio.de\/index.php?rest_route=\/wp\/v2\/pages"}],"about":[{"href":"https:\/\/lumistudio.de\/index.php?rest_route=\/wp\/v2\/types\/page"}],"author":[{"embeddable":true,"href":"https:\/\/lumistudio.de\/index.php?rest_route=\/wp\/v2\/users\/1"}],"replies":[{"embeddable":true,"href":"https:\/\/lumistudio.de\/index.php?rest_route=%2Fwp%2Fv2%2Fcomments&post=748"}],"version-history":[{"count":3,"href":"https:\/\/lumistudio.de\/index.php?rest_route=\/wp\/v2\/pages\/748\/revisions"}],"predecessor-version":[{"id":1242,"href":"https:\/\/lumistudio.de\/index.php?rest_route=\/wp\/v2\/pages\/748\/revisions\/1242"}],"wp:attachment":[{"href":"https:\/\/lumistudio.de\/index.php?rest_route=%2Fwp%2Fv2%2Fmedia&parent=748"}],"curies":[{"name":"wp","href":"https:\/\/api.w.org\/{rel}","templated":true}]}}